{"id":546,"date":"2015-11-05T06:03:59","date_gmt":"2015-11-05T06:03:59","guid":{"rendered":"http:\/\/unittest3.loc\/?page_id=546"},"modified":"2024-12-21T14:44:03","modified_gmt":"2024-12-21T14:44:03","slug":"service","status":"publish","type":"page","link":"https:\/\/mdkservicesplus.com\/?page_id=546","title":{"rendered":"Conditions g\u00e9n\u00e9rales et retours"},"content":{"rendered":"\t\t<div data-elementor-type=\"wp-page\" data-elementor-id=\"546\" class=\"elementor elementor-546\">\n\t\t\t\t<div class=\"elementor-element elementor-element-20d368c4 e-flex e-con-boxed e-con e-parent\" data-id=\"20d368c4\" data-element_type=\"container\" data-e-type=\"container\">\n\t\t\t\t\t<div class=\"e-con-inner\">\n\t\t\t\t<div class=\"elementor-element elementor-element-4561a267 elementor-widget elementor-widget-text-editor\" data-id=\"4561a267\" data-element_type=\"widget\" data-e-type=\"widget\" data-widget_type=\"text-editor.default\">\n\t\t\t\t<div class=\"elementor-widget-container\">\n\t\t\t\t\t\t\t\t\t<p>Ce site Internet est exploit\u00e9 par la soci\u00e9t\u00e9 buchesdeconfiance.com. Sur l&#8217;ensemble du site, les termes \u00ab nous \u00bb, \u00ab notre \u00bb et \u00ab nos \u00bb font r\u00e9f\u00e9rence \u00e0 buchesdeconfiance.com. buchesdeconfiance.com propose ce site Web, y compris toutes les informations, outils et services disponibles sur ce site \u00e0 vous, l&#8217;utilisateur, sous r\u00e9serve de votre acceptation de tous les termes, conditions, politiques et avis \u00e9nonc\u00e9s ici.<\/p><p>\u00a0<\/p><p>En visitant notre site et\/ou en achetant quelque chose chez nous, vous vous engagez dans notre \u00ab Service \u00bb et acceptez d&#8217;\u00eatre li\u00e9 par les termes et conditions suivants (\u00ab Conditions d&#8217;utilisation \u00bb, \u00ab Conditions \u00bb), y compris ces termes et conditions et politiques suppl\u00e9mentaires. r\u00e9f\u00e9renc\u00e9s ici et\/ou qui sont disponibles via un lien hypertexte. Ces conditions d&#8217;utilisation s&#8217;appliquent \u00e0 tous les utilisateurs du site, y compris, sans limitation, les utilisateurs qui sont des navigateurs, des fournisseurs, des clients, des commer\u00e7ants et\/ou des contributeurs de contenu.<\/p><p>\u00a0<\/p><p>Veuillez lire attentivement ces conditions d&#8217;utilisation avant d&#8217;acc\u00e9der ou d&#8217;utiliser notre site Web. En acc\u00e9dant ou en utilisant n&#8217;importe quelle partie du site, vous acceptez d&#8217;\u00eatre li\u00e9 par ces conditions d&#8217;utilisation. Si vous n&#8217;acceptez pas tous les termes et conditions de cet accord, vous ne pouvez pas acc\u00e9der au site Web ni utiliser aucun service. Si ces conditions de service sont consid\u00e9r\u00e9es comme une offre, l&#8217;acceptation est express\u00e9ment limit\u00e9e \u00e0 ces conditions de service.<\/p><p>\u00a0<\/p><p>Toute nouvelle fonctionnalit\u00e9 ou outil ajout\u00e9 \u00e0 la boutique actuelle sera \u00e9galement soumis aux conditions d&#8217;utilisation. Vous pouvez consulter la version la plus r\u00e9cente des Conditions d&#8217;utilisation \u00e0 tout moment sur cette page. Nous nous r\u00e9servons le droit de mettre \u00e0 jour, modifier ou remplacer toute partie de ces conditions d&#8217;utilisation en publiant des mises \u00e0 jour et\/ou des modifications sur notre site Web. Il est de votre responsabilit\u00e9 de v\u00e9rifier p\u00e9riodiquement cette page pour conna\u00eetre les changements. Votre utilisation continue ou votre acc\u00e8s au site Web apr\u00e8s la publication de toute modification constitue une acceptation de ces modifications.<\/p><p>\u00a0<\/p><p>Notre boutique est h\u00e9berg\u00e9e sur WordPress. Ils nous fournissent la plateforme de commerce \u00e9lectronique en ligne qui nous permet de vous vendre nos produits et services.<\/p><p>\u00a0<\/p><p>SECTION 1 \u2013 CONDITIONS DE LA BOUTIQUE EN LIGNE<\/p><p>\u00a0<\/p><p>En acceptant ces conditions d&#8217;utilisation, vous d\u00e9clarez que vous avez au moins l&#8217;\u00e2ge de la majorit\u00e9 dans votre \u00e9tat ou province de r\u00e9sidence, ou que vous avez l&#8217;\u00e2ge de la majorit\u00e9 dans votre \u00e9tat ou province de r\u00e9sidence et vous nous avez donn\u00e9 votre consentement \u00e0 permettre \u00e0 l&#8217;une des personnes mineures \u00e0 votre charge d&#8217;utiliser ce site.<\/p><p>\u00a0<\/p><p>Vous ne pouvez pas utiliser nos produits \u00e0 des fins ill\u00e9gales ou non autoris\u00e9es et vous ne pouvez pas, en utilisant le Service, violer les lois de votre juridiction (y compris, mais sans s&#8217;y limiter, les lois sur les droits d&#8217;auteur).<\/p><p>\u00a0<\/p><p>Vous ne devez transmettre aucun vers, virus ou tout autre code \u00e0 caract\u00e8re destructeur.<\/p><p>\u00a0<\/p><p>Une violation ou une violation de l\u2019une des Conditions entra\u00eenera la r\u00e9siliation imm\u00e9diate de vos Services.<\/p><p>\u00a0<\/p><p>ARTICLE 2 \u2013 CONDITIONS G\u00c9N\u00c9RALES<\/p><p>\u00a0<\/p><p>Nous nous r\u00e9servons le droit de refuser le service \u00e0 quiconque, pour quelque raison que ce soit, \u00e0 tout moment.<\/p><p>\u00a0<\/p><p>Vous comprenez que votre contenu (\u00e0 l&#8217;exclusion des informations de carte de cr\u00e9dit) peut \u00eatre transf\u00e9r\u00e9 en clair et impliquer (a) des transmissions sur divers r\u00e9seaux et (b) des modifications pour se conformer et s&#8217;adapter aux exigences techniques de connexion des r\u00e9seaux ou des appareils. Les informations de carte de cr\u00e9dit sont toujours crypt\u00e9es lorsqu&#8217;elles sont transmises sur les r\u00e9seaux.<\/p><p>\u00a0<\/p><p>Vous acceptez de ne pas reproduire, dupliquer, copier ou distribuer toute partie du Service, l&#8217;utilisation du Service, ou l&#8217;acc\u00e8s au Service ou tout contact sur le site Web par lequel le service est fourni, sans autorisation \u00e9crite expresse de notre part, vendre, revendre ou utiliser.<\/p><p>\u00a0<\/p><p>Les titres utilis\u00e9s dans cet accord sont inclus pour des raisons de commodit\u00e9 uniquement et ne limiteront ni n&#8217;affecteront autrement ces conditions.<\/p><p>\u00a0<\/p><p>SECTION 3 \u2013 EXACTITUDE, EXHAUSTIVIT\u00c9 ET OPPORTUNIT\u00c9 DES INFORMATIONS<\/p><p>\u00a0<\/p><p>Nous ne sommes pas responsables si les informations mises \u00e0 disposition sur ce site Web ne sont pas exactes, compl\u00e8tes ou \u00e0 jour. Le mat\u00e9riel pr\u00e9sent\u00e9 sur ce site est fourni \u00e0 titre d&#8217;information g\u00e9n\u00e9rale uniquement et ne doit pas \u00eatre utilis\u00e9 comme seule base pour prendre des d\u00e9cisions sans consulter des sources d&#8217;informations primaires, plus pr\u00e9cises, plus compl\u00e8tes ou plus actuelles. Toute confiance dans le mat\u00e9riel de ce site Web est \u00e0 vos propres risques.<\/p><p>\u00a0<\/p><p>Ce site Web peut contenir certaines informations historiques. Les informations historiques ne sont n\u00e9cessairement pas actuelles et sont fournies \u00e0 titre d\u2019information uniquement. Nous nous r\u00e9servons le droit de modifier le contenu de ce site Web \u00e0 tout moment, mais nous n&#8217;avons aucune obligation de mettre \u00e0 jour les informations sur notre site Web. Elle est<\/p><p>[vc_row stm_fullwidth=&#8221;yes&#8221; blackout_opacity=&#8221;80&#8243; css=&#8221;.vc_custom_1468818021408{margin-bottom: 75px !important;padding-top: 39px !important;padding-bottom: 68px !important;background-image: url(https:\/\/mdkservicesplus.com\/wp-content\/uploads\/2015\/12\/placeholder.gif?id=2067) !important;}&#8221;][vc_column width=&#8221;1\/3&#8243;][stm_icon_box title_holder=&#8221;h4&#8243; icon=&#8221;stm-icon-oil-add&#8221; title=&#8221;OIL CHANGES&#8221; box_text_color=&#8221;#ffffff&#8221; box_bg_color=&#8221;rgba(255,255,255,0.01)&#8221; icon_size=&#8221;20&#8243; css=&#8221;.vc_custom_1449203747555{padding-right: 0px !important;padding-bottom: 0px !important;padding-left: 0px !important;}&#8221; css_icon=&#8221;.vc_custom_1449203747553{margin-top: 1px !important;margin-right: 21px !important;padding-top: 18px !important;padding-right: 4px !important;padding-bottom: 15px !important;padding-left: 6px !important;}&#8221; icon_bg_color=&#8221;#f2b930&#8243; box_text_color_hover=&#8221;#ffffff&#8221; icon_color=&#8221;#ffffff&#8221;]<span style=\"color: #aaaaaa;\">Lorem ipsum dolor sit amet, adipiscing elit. Interdum et malesuada fames ac ante ipsum primis in faucibus.\u00a0<\/span>[\/stm_icon_box][stm_icon_box title_holder=&#8221;h4&#8243; icon=&#8221;stm-icon-brake&#8221; title=&#8221;BRAKE SERVICE&#8221; box_text_color=&#8221;#ffffff&#8221; box_bg_color=&#8221;rgba(255,255,255,0.01)&#8221; icon_size=&#8221;36&#8243; css=&#8221;.vc_custom_1449203394183{padding-right: 0px !important;padding-bottom: 0px !important;padding-left: 0px !important;}&#8221; css_icon=&#8221;.vc_custom_1449203394182{margin-top: 1px !important;margin-right: 21px !important;padding-top: 10px !important;padding-right: 10px !important;padding-bottom: 10px !important;padding-left: 11px !important;}&#8221; icon_bg_color=&#8221;#ef2929&#8243; box_text_color_hover=&#8221;#ffffff&#8221; icon_color=&#8221;#ffffff&#8221;]<span style=\"color: #aaaaaa;\">Lorem ipsum dolor sit amet, adipiscing elit. Interdum et malesuada fames ac ante ipsum primis in faucibus.\u00a0<\/span>[\/stm_icon_box][\/vc_column][vc_column width=&#8221;1\/3&#8243;][stm_icon_box title_holder=&#8221;h4&#8243; icon=&#8221;stm-icon-air_conditioning&#8221; title=&#8221;AIR CONDITIONING&#8221; box_text_color=&#8221;#ffffff&#8221; box_bg_color=&#8221;rgba(255,255,255,0.01)&#8221; icon_size=&#8221;36&#8243; css=&#8221;.vc_custom_1449203379782{padding-right: 0px !important;padding-bottom: 0px !important;padding-left: 0px !important;}&#8221; css_icon=&#8221;.vc_custom_1449203379781{margin-top: 1px !important;margin-right: 21px !important;padding-top: 10px !important;padding-right: 12px !important;padding-bottom: 10px !important;padding-left: 12px !important;}&#8221; icon_bg_color=&#8221;#6c98e1&#8243; box_text_color_hover=&#8221;#ffffff&#8221; icon_color=&#8221;#ffffff&#8221;]<span style=\"color: #aaaaaa;\">Lorem ipsum dolor sit amet, adipiscing elit. Interdum et malesuada fames ac ante ipsum primis in faucibus.\u00a0<\/span>[\/stm_icon_box][stm_icon_box title_holder=&#8221;h4&#8243; icon=&#8221;stm-icon-transmission&#8221; title=&#8221;TRANSMISSION&#8221; box_text_color=&#8221;#ffffff&#8221; box_bg_color=&#8221;rgba(255,255,255,0.01)&#8221; icon_size=&#8221;36&#8243; css=&#8221;.vc_custom_1449203401435{padding-right: 0px !important;padding-bottom: 0px !important;padding-left: 0px !important;}&#8221; css_icon=&#8221;.vc_custom_1449203401434{margin-top: 1px !important;margin-right: 21px !important;padding-top: 10px !important;padding-right: 9px !important;padding-bottom: 10px !important;padding-left: 11px !important;}&#8221; icon_bg_color=&#8221;#44a8b4&#8243; box_text_color_hover=&#8221;#ffffff&#8221; icon_color=&#8221;#ffffff&#8221;]<span style=\"color: #aaaaaa;\">Lorem ipsum dolor sit amet, adipiscing elit. Interdum et malesuada fames ac ante ipsum primis in faucibus.\u00a0<\/span>[\/stm_icon_box][\/vc_column][vc_column width=&#8221;1\/3&#8243;][stm_icon_box title_holder=&#8221;h4&#8243; icon=&#8221;stm-icon-auto_electric&#8221; title=&#8221;AUTO ELECTRIC&#8221; box_text_color=&#8221;#ffffff&#8221; box_bg_color=&#8221;rgba(255,255,255,0.01)&#8221; icon_size=&#8221;37&#8243; css=&#8221;.vc_custom_1449203386483{padding-right: 0px !important;padding-bottom: 0px !important;padding-left: 0px !important;}&#8221; css_icon=&#8221;.vc_custom_1449203386482{margin-top: 1px !important;margin-right: 21px !important;padding-top: 7px !important;padding-right: 12px !important;padding-bottom: 13px !important;padding-left: 12px !important;}&#8221; icon_bg_color=&#8221;#d93ad0&#8243; box_text_color_hover=&#8221;#ffffff&#8221; icon_color=&#8221;#ffffff&#8221;]<span style=\"color: #aaaaaa;\">Lorem ipsum dolor sit amet, adipiscing elit. Interdum et malesuada fames ac ante ipsum primis in faucibus.\u00a0<\/span>[\/stm_icon_box][stm_icon_box title_holder=&#8221;h4&#8243; icon=&#8221;stm-icon-Tire_Wheel&#8221; title=&#8221;TIRE &amp; WHEEL SERVICE&#8221; box_text_color=&#8221;#ffffff&#8221; box_bg_color=&#8221;rgba(255,255,255,0.01)&#8221; icon_size=&#8221;34&#8243; css=&#8221;.vc_custom_1449203411563{padding-right: 0px !important;padding-bottom: 0px !important;padding-left: 0px !important;}&#8221; css_icon=&#8221;.vc_custom_1449203411562{margin-top: 1px !important;margin-right: 21px !important;padding-top: 11px !important;padding-right: 6px !important;padding-bottom: 11px !important;padding-left: 7px !important;}&#8221; icon_bg_color=&#8221;#17c655&#8243; box_text_color_hover=&#8221;#ffffff&#8221; icon_color=&#8221;#ffffff&#8221;]<span style=\"color: #aaaaaa;\">Lorem ipsum dolor sit amet, adipiscing elit. Interdum et malesuada fames ac ante ipsum primis in faucibus.\u00a0<\/span>[\/stm_icon_box][\/vc_column][\/vc_row][vc_row css=&#8221;.vc_custom_1446724488622{margin-bottom: 28px !important;}&#8221;][vc_column width=&#8221;2\/3&#8243; css=&#8221;.vc_custom_1446723952022{margin-bottom: 45px !important;}&#8221;][vc_custom_heading text=&#8221;SCHEDULE SERVICE&#8221; font_container=&#8221;tag:h3|text_align:left&#8221; use_theme_fonts=&#8221;yes&#8221;][vc_separator css=&#8221;.vc_custom_1446719521258{margin-top: 24px !important;margin-bottom: 24px !important;}&#8221;]\n<div class=\"wpcf7 no-js\" id=\"wpcf7-f587-o1\" lang=\"en-US\" dir=\"ltr\" data-wpcf7-id=\"587\">\n<div class=\"screen-reader-response\"><p role=\"status\" aria-live=\"polite\" aria-atomic=\"true\"><\/p> <ul><\/ul><\/div>\n<form action=\"\/index.php?rest_route=%2Fwp%2Fv2%2Fpages%2F546#wpcf7-f587-o1\" method=\"post\" class=\"wpcf7-form init\" aria-label=\"Contact form\" novalidate=\"novalidate\" data-status=\"init\">\n<fieldset class=\"hidden-fields-container\"><input type=\"hidden\" name=\"_wpcf7\" value=\"587\" \/><input type=\"hidden\" name=\"_wpcf7_version\" value=\"6.1.5\" \/><input type=\"hidden\" name=\"_wpcf7_locale\" value=\"en_US\" \/><input type=\"hidden\" name=\"_wpcf7_unit_tag\" value=\"wpcf7-f587-o1\" \/><input type=\"hidden\" name=\"_wpcf7_container_post\" value=\"0\" \/><input type=\"hidden\" name=\"_wpcf7_posted_data_hash\" value=\"\" \/>\n<\/fieldset>\n<div class=\"row stm-forms-sm\">\n\t<div class=\"col-md-4 col-sm-4\">\n\t\t<div class=\"form-group\">\n\t\t\t<div class=\"form-label-small\">\n\t\t\t\t<p>Name\n\t\t\t\t<\/p>\n\t\t\t<\/div>\n\t\t\t<p><span class=\"wpcf7-form-control-wrap\" data-name=\"your-name\"><input size=\"40\" maxlength=\"400\" class=\"wpcf7-form-control wpcf7-text wpcf7-validates-as-required\" aria-required=\"true\" aria-invalid=\"false\" value=\"\" type=\"text\" name=\"your-name\" \/><\/span>\n\t\t\t<\/p>\n\t\t<\/div>\n\t<\/div>\n\t<div class=\"col-md-4 col-sm-4\">\n\t\t<div class=\"form-group\">\n\t\t\t<div class=\"form-label-small\">\n\t\t\t\t<p>Email\n\t\t\t\t<\/p>\n\t\t\t<\/div>\n\t\t\t<p><span class=\"wpcf7-form-control-wrap\" data-name=\"your-email\"><input size=\"40\" maxlength=\"400\" class=\"wpcf7-form-control wpcf7-email wpcf7-validates-as-required wpcf7-text wpcf7-validates-as-email\" aria-required=\"true\" aria-invalid=\"false\" value=\"\" type=\"email\" name=\"your-email\" \/><\/span>\n\t\t\t<\/p>\n\t\t<\/div>\n\t<\/div>\n\t<div class=\"col-md-4 col-sm-4\">\n\t\t<div class=\"form-group\">\n\t\t\t<div class=\"form-label-small\">\n\t\t\t\t<p>Phone\n\t\t\t\t<\/p>\n\t\t\t<\/div>\n\t\t\t<p><span class=\"wpcf7-form-control-wrap\" data-name=\"your-tel\"><input size=\"40\" maxlength=\"400\" class=\"wpcf7-form-control wpcf7-tel wpcf7-validates-as-required wpcf7-text wpcf7-validates-as-tel\" aria-required=\"true\" aria-invalid=\"false\" value=\"\" type=\"tel\" name=\"your-tel\" \/><\/span>\n\t\t\t<\/p>\n\t\t<\/div>\n\t<\/div>\n<\/div>\n<div class=\"row stm-forms-sm\">\n\t<div class=\"col-md-4 col-sm-4\">\n\t\t<div class=\"form-group\">\n\t\t\t<div class=\"form-label-small\">\n\t\t\t\t<p>Make\/Model\n\t\t\t\t<\/p>\n\t\t\t<\/div>\n\t\t\t<p><span class=\"wpcf7-form-control-wrap\" data-name=\"make-model\"><input size=\"40\" maxlength=\"400\" class=\"wpcf7-form-control wpcf7-text wpcf7-validates-as-required\" aria-required=\"true\" aria-invalid=\"false\" value=\"\" type=\"text\" name=\"make-model\" \/><\/span>\n\t\t\t<\/p>\n\t\t<\/div>\n\t<\/div>\n\t<div class=\"col-md-4 col-sm-4\">\n\t\t<div class=\"form-group\">\n\t\t\t<div class=\"form-label-small\">\n\t\t\t\t<p>Mileage (optional)\n\t\t\t\t<\/p>\n\t\t\t<\/div>\n\t\t\t<p><span class=\"wpcf7-form-control-wrap\" data-name=\"mileage\"><input size=\"40\" maxlength=\"400\" class=\"wpcf7-form-control wpcf7-text\" aria-invalid=\"false\" value=\"\" type=\"text\" name=\"mileage\" \/><\/span>\n\t\t\t<\/p>\n\t\t<\/div>\n\t<\/div>\n\t<div class=\"col-md-4 col-sm-4\">\n\t\t<div class=\"form-group\">\n\t\t\t<div class=\"form-label-small\">\n\t\t\t\t<p>Best time\n\t\t\t\t<\/p>\n\t\t\t<\/div>\n\t\t\t<div class=\"stm-datepicker-input-icon\">\n\t\t\t\t<p><span class=\"wpcf7-form-control-wrap\" data-name=\"time\"><input size=\"40\" maxlength=\"400\" class=\"wpcf7-form-control wpcf7-text wpcf7-validates-as-required stm-date-timepicker\" aria-required=\"true\" aria-invalid=\"false\" value=\"\" type=\"text\" name=\"time\" \/><\/span>\n\t\t\t\t<\/p>\n\t\t\t<\/div>\n\t\t<\/div>\n\t<\/div>\n<\/div>\n<hr class=\"form-hr\" \/>\n<div class=\"row\">\n\t<div class=\"col-md-4 col-sm-4\">\n\t\t<p><input class=\"wpcf7-form-control wpcf7-submit has-spinner button-fluid\" type=\"submit\" value=\"Request a service\" \/>\n\t\t<\/p>\n\t<\/div>\n\t<div class=\"col-md-8 col-sm-8\">\n\t\t<div class=\"stm-form-alert\">\n\t\t\t<p>By submitting this form you will be scheduling a service appointment at no obligation and will be contacted within 48 hours by a service advisor.\n\t\t\t<\/p>\n\t\t<\/div>\n\t<\/div>\n<\/div><div class=\"wpcf7-response-output\" aria-hidden=\"true\"><\/div>\n<\/form>\n<\/div>\n[\/vc_column][vc_column width=&#8221;1\/3&#8243;][stm_working_days title=&#8221;HOURS OF OPERATION&#8221; monday=&#8221;9:00 am &#8211; 9.00 pm&#8221; tuesday=&#8221;9:00 am &#8211; 9.00 pm&#8221; wednesday=&#8221;9:00 am &#8211; 9.00 pm&#8221; thursday=&#8221;9:00 am &#8211; 9.00 pm&#8221; friday=&#8221;9:00 am &#8211; 7.00 pm&#8221; saturday=&#8221;9:00 am &#8211; 7.00 pm&#8221; css=&#8221;.vc_custom_1446722369656{margin-top: 6px !important;}&#8221;][\/vc_column][\/vc_row][vc_row css=&#8221;.vc_custom_1446724426854{margin-bottom: 0px !important;}&#8221;][vc_column][stm_call_to_action_2 call_to_action_icon=&#8221;stm-icon-question&#8221; call_to_action_icon_right=&#8221;stm-icon-phone2&#8243; call_to_action_text_color=&#8221;#ffffff&#8221; call_to_action_label=&#8221;Have a Questions? Call Today!&#8221; call_to_action_label_right=&#8221;878-9674-4455&#8243;][\/vc_column][\/vc_row]<\/p>\t\t\t\t\t\t\t\t<\/div>\n\t\t\t\t<\/div>\n\t\t\t\t\t<\/div>\n\t\t\t\t<\/div>\n\t\t\t\t<\/div>\n\t\t","protected":false},"excerpt":{"rendered":"<p>Ce site Internet est exploit\u00e9 par la soci\u00e9t\u00e9 buchesdeconfiance.com. Sur l&#8217;ensemble du site, les termes \u00ab nous \u00bb, \u00ab notre \u00bb et \u00ab nos \u00bb font r\u00e9f\u00e9rence \u00e0 buchesdeconfiance.com. buchesdeconfiance.com propose ce site Web, y compris toutes les informations, outils et services disponibles sur ce site \u00e0 vous, l&#8217;utilisateur, sous r\u00e9serve de votre acceptation de &hellip; <a href=\"https:\/\/mdkservicesplus.com\/?page_id=546\" class=\"more-link\">Read More <span class=\"screen-reader-text\">Conditions g\u00e9n\u00e9rales et retours<\/span><\/a><\/p>\n","protected":false},"author":1,"featured_media":0,"parent":0,"menu_order":0,"comment_status":"closed","ping_status":"closed","template":"","meta":{"footnotes":""},"class_list":["post-546","page","type-page","status-publish","hentry"],"_links":{"self":[{"href":"https:\/\/mdkservicesplus.com\/index.php?rest_route=\/wp\/v2\/pages\/546","targetHints":{"allow":["GET"]}}],"collection":[{"href":"https:\/\/mdkservicesplus.com\/index.php?rest_route=\/wp\/v2\/pages"}],"about":[{"href":"https:\/\/mdkservicesplus.com\/index.php?rest_route=\/wp\/v2\/types\/page"}],"author":[{"embeddable":true,"href":"https:\/\/mdkservicesplus.com\/index.php?rest_route=\/wp\/v2\/users\/1"}],"replies":[{"embeddable":true,"href":"https:\/\/mdkservicesplus.com\/index.php?rest_route=%2Fwp%2Fv2%2Fcomments&post=546"}],"version-history":[{"count":5,"href":"https:\/\/mdkservicesplus.com\/index.php?rest_route=\/wp\/v2\/pages\/546\/revisions"}],"predecessor-version":[{"id":6137,"href":"https:\/\/mdkservicesplus.com\/index.php?rest_route=\/wp\/v2\/pages\/546\/revisions\/6137"}],"wp:attachment":[{"href":"https:\/\/mdkservicesplus.com\/index.php?rest_route=%2Fwp%2Fv2%2Fmedia&parent=546"}],"curies":[{"name":"wp","href":"https:\/\/api.w.org\/{rel}","templated":true}]}}