{"id":5969,"date":"2024-12-19T18:24:11","date_gmt":"2024-12-19T18:24:11","guid":{"rendered":"https:\/\/mdkservicesplus.com\/?post_type=product&#038;p=5969"},"modified":"2025-11-17T08:42:12","modified_gmt":"2025-11-17T08:42:12","slug":"boite-en-bouleau-seche-au-four-196-m3-metre-cube","status":"publish","type":"product","link":"https:\/\/mdkservicesplus.com\/?product=boite-en-bouleau-seche-au-four-196-m3-metre-cube","title":{"rendered":"BO\u00ceTE EN BOULEAU S\u00c9CH\u00c9 AU FOUR 1,96 M3 M\u00c8TRE CUBE"},"content":{"rendered":"<p>Ce produit provient de for\u00eats durables de meilleure qualit\u00e9.<\/p>\n<p>Profitez de la caisse de 1,96 m3 livr\u00e9e par notre camion et Moffett Mounty pour obtenir le meilleur rapport qualit\u00e9-prix sur le march\u00e9.<\/p>\n","protected":false},"excerpt":{"rendered":"<p>Ce produit provient de for\u00eats durables de meilleure qualit\u00e9. Profitez de la caisse de 1,96 m3 livr\u00e9e par notre camion et Moffett Mounty pour obtenir le meilleur rapport qualit\u00e9-prix sur le march\u00e9.<\/p>\n","protected":false},"featured_media":5727,"comment_status":"open","ping_status":"closed","template":"","meta":[],"product_brand":[],"product_cat":[166,167],"product_tag":[],"class_list":{"0":"post-5969","1":"product","2":"type-product","3":"status-publish","4":"has-post-thumbnail","6":"product_cat-bois-de-chauffage-2","7":"product_cat-vos-bois","10":"instock","11":"shipping-taxable","12":"purchasable","13":"product-type-simple"},"_links":{"self":[{"href":"https:\/\/mdkservicesplus.com\/index.php?rest_route=\/wp\/v2\/product\/5969","targetHints":{"allow":["GET"]}}],"collection":[{"href":"https:\/\/mdkservicesplus.com\/index.php?rest_route=\/wp\/v2\/product"}],"about":[{"href":"https:\/\/mdkservicesplus.com\/index.php?rest_route=\/wp\/v2\/types\/product"}],"replies":[{"embeddable":true,"href":"https:\/\/mdkservicesplus.com\/index.php?rest_route=%2Fwp%2Fv2%2Fcomments&post=5969"}],"version-history":[{"count":1,"href":"https:\/\/mdkservicesplus.com\/index.php?rest_route=\/wp\/v2\/product\/5969\/revisions"}],"predecessor-version":[{"id":5999,"href":"https:\/\/mdkservicesplus.com\/index.php?rest_route=\/wp\/v2\/product\/5969\/revisions\/5999"}],"wp:featuredmedia":[{"embeddable":true,"href":"https:\/\/mdkservicesplus.com\/index.php?rest_route=\/wp\/v2\/media\/5727"}],"wp:attachment":[{"href":"https:\/\/mdkservicesplus.com\/index.php?rest_route=%2Fwp%2Fv2%2Fmedia&parent=5969"}],"wp:term":[{"taxonomy":"product_brand","embeddable":true,"href":"https:\/\/mdkservicesplus.com\/index.php?rest_route=%2Fwp%2Fv2%2Fproduct_brand&post=5969"},{"taxonomy":"product_cat","embeddable":true,"href":"https:\/\/mdkservicesplus.com\/index.php?rest_route=%2Fwp%2Fv2%2Fproduct_cat&post=5969"},{"taxonomy":"product_tag","embeddable":true,"href":"https:\/\/mdkservicesplus.com\/index.php?rest_route=%2Fwp%2Fv2%2Fproduct_tag&post=5969"}],"curies":[{"name":"wp","href":"https:\/\/api.w.org\/{rel}","templated":true}]}}