{"id":5997,"date":"2024-12-19T18:24:14","date_gmt":"2024-12-19T18:24:14","guid":{"rendered":"https:\/\/mdkservicesplus.com\/?post_type=product&#038;p=5997"},"modified":"2025-11-17T08:47:50","modified_gmt":"2025-11-17T08:47:50","slug":"strielciu-pellet-palette-de-70-sacs-de-15-kg","status":"publish","type":"product","link":"https:\/\/mdkservicesplus.com\/?product=strielciu-pellet-palette-de-70-sacs-de-15-kg","title":{"rendered":"STRIELCIU PELLET \u2013 PALETTE DE 70 SACS DE 15 KG"},"content":{"rendered":"<p>Ces pellets sont de bonne qualit\u00e9 avec un pouvoir calorifique \u00e9lev\u00e9 sup\u00e9rieur \u00e0 5 kWh\/kg.<\/p>\n<p>Un diam\u00e8tre de 6 mm et de faibles niveaux de cendres, de poussi\u00e8re et d\u2019humidit\u00e9. L\u2019activit\u00e9 principale de la soci\u00e9t\u00e9 STRIELCIU est le bois pour la construction.<\/p>\n<p>Soucieuse de l\u2019environnement, cette entreprise a d\u00e9cid\u00e9 de valoriser ses sciures pour proposer un combustible propre et \u00e9cologique: les granul\u00e9s de bois.<\/p>\n<p>Un produit sans colles, additifs, cro\u00fbtes ou r\u00e9sidus = la garantie d\u2019un produit de haute qualit\u00e9 qui s\u2019adapte parfaitement \u00e0 tous les syst\u00e8mes de chauffage \u00e0 pellets. En choisissant de vous chauffer aux pellets, vous avez la garantie d\u2019une \u00e9nergie moins ch\u00e8re et plus \u00e9cologique.<\/p>\n<p>Information compl\u00e9mentaire<\/p>\n<p>Composition<\/p>\n<p>100% bois tendre<\/p>\n<p>Certificats<\/p>\n<p>FR Plus A1<\/p>\n<p>Valeur calorique<\/p>\n<p>Plus de 5 kWh\/kg<\/p>\n<p>Taux d\u2019humidit\u00e9 moins de 8%<\/p>\n<p>Taux de cendres<\/p>\n<p>Moins de 0,7%<\/p>\n<p>Diam\u00e8tre<\/p>\n<p>6mm<\/p>\n","protected":false},"excerpt":{"rendered":"<p>Ces pellets sont de bonne qualit\u00e9 avec un pouvoir calorifique \u00e9lev\u00e9 sup\u00e9rieur \u00e0 5 kWh\/kg. Un diam\u00e8tre de 6 mm et de faibles niveaux de cendres, de poussi\u00e8re et d\u2019humidit\u00e9. L\u2019activit\u00e9 principale de la soci\u00e9t\u00e9 STRIELCIU est le bois pour la construction. Soucieuse de l\u2019environnement, cette entreprise a d\u00e9cid\u00e9 de valoriser ses sciures pour proposer &hellip; <a href=\"https:\/\/mdkservicesplus.com\/?product=strielciu-pellet-palette-de-70-sacs-de-15-kg\" class=\"more-link\">Read More <span class=\"screen-reader-text\">STRIELCIU PELLET \u2013 PALETTE DE 70 SACS DE 15 KG<\/span><\/a><\/p>\n","protected":false},"featured_media":5862,"comment_status":"open","ping_status":"closed","template":"","meta":[],"product_brand":[],"product_cat":[169,167],"product_tag":[],"class_list":{"0":"post-5997","1":"product","2":"type-product","3":"status-publish","4":"has-post-thumbnail","6":"product_cat-granules-pellets-2","7":"product_cat-vos-bois","10":"instock","11":"shipping-taxable","12":"purchasable","13":"product-type-simple"},"_links":{"self":[{"href":"https:\/\/mdkservicesplus.com\/index.php?rest_route=\/wp\/v2\/product\/5997","targetHints":{"allow":["GET"]}}],"collection":[{"href":"https:\/\/mdkservicesplus.com\/index.php?rest_route=\/wp\/v2\/product"}],"about":[{"href":"https:\/\/mdkservicesplus.com\/index.php?rest_route=\/wp\/v2\/types\/product"}],"replies":[{"embeddable":true,"href":"https:\/\/mdkservicesplus.com\/index.php?rest_route=%2Fwp%2Fv2%2Fcomments&post=5997"}],"version-history":[{"count":1,"href":"https:\/\/mdkservicesplus.com\/index.php?rest_route=\/wp\/v2\/product\/5997\/revisions"}],"predecessor-version":[{"id":6025,"href":"https:\/\/mdkservicesplus.com\/index.php?rest_route=\/wp\/v2\/product\/5997\/revisions\/6025"}],"wp:featuredmedia":[{"embeddable":true,"href":"https:\/\/mdkservicesplus.com\/index.php?rest_route=\/wp\/v2\/media\/5862"}],"wp:attachment":[{"href":"https:\/\/mdkservicesplus.com\/index.php?rest_route=%2Fwp%2Fv2%2Fmedia&parent=5997"}],"wp:term":[{"taxonomy":"product_brand","embeddable":true,"href":"https:\/\/mdkservicesplus.com\/index.php?rest_route=%2Fwp%2Fv2%2Fproduct_brand&post=5997"},{"taxonomy":"product_cat","embeddable":true,"href":"https:\/\/mdkservicesplus.com\/index.php?rest_route=%2Fwp%2Fv2%2Fproduct_cat&post=5997"},{"taxonomy":"product_tag","embeddable":true,"href":"https:\/\/mdkservicesplus.com\/index.php?rest_route=%2Fwp%2Fv2%2Fproduct_tag&post=5997"}],"curies":[{"name":"wp","href":"https:\/\/api.w.org\/{rel}","templated":true}]}}