{"id":6035,"date":"2024-12-19T18:24:21","date_gmt":"2024-12-19T18:24:21","guid":{"rendered":"https:\/\/mdkservicesplus.com\/?post_type=product&#038;p=6035"},"modified":"2025-11-17T08:46:40","modified_gmt":"2025-11-17T08:46:40","slug":"pellet-agricola","status":"publish","type":"product","link":"https:\/\/mdkservicesplus.com\/?product=pellet-agricola","title":{"rendered":"Pellet Agricola"},"content":{"rendered":"<p>Pellet Agricola<br \/>\nPalette de 65 sacs de 15 kg<br \/>\nComposition : 100\u2009% r\u00e9sineux<br \/>\nCertificats : EN Plus A1<br \/>\nPouvoir Calorifique : Exceptionnel, sup\u00e9rieur \u00e0 4,6 kWh\/kg<br \/>\nTaux d\u2019Humidit\u00e9 : Inf\u00e9rieur \u00e0 10\u2009%<br \/>\nTaux de Cendres : Tr\u00e8s faible, inf\u00e9rieur \u00e0 0,7\u2009%<br \/>\nTaux de Poussi\u00e8re : Minime, inf\u00e9rieur \u00e0 0,5\u2009%<br \/>\nOrigine : Autriche<\/p>\n","protected":false},"excerpt":{"rendered":"<p>Pellet Agricola Palette de 65 sacs de 15 kg Composition : 100\u2009% r\u00e9sineux Certificats : EN Plus A1 Pouvoir Calorifique : Exceptionnel, sup\u00e9rieur \u00e0 4,6 kWh\/kg Taux d\u2019Humidit\u00e9 : Inf\u00e9rieur \u00e0 10\u2009% Taux de Cendres : Tr\u00e8s faible, inf\u00e9rieur \u00e0 0,7\u2009% Taux de Poussi\u00e8re : Minime, inf\u00e9rieur \u00e0 0,5\u2009% Origine : Autriche<\/p>\n","protected":false},"featured_media":5882,"comment_status":"open","ping_status":"closed","template":"","meta":[],"product_brand":[],"product_cat":[169,167],"product_tag":[],"class_list":{"0":"post-6035","1":"product","2":"type-product","3":"status-publish","4":"has-post-thumbnail","6":"product_cat-granules-pellets-2","7":"product_cat-vos-bois","10":"instock","11":"shipping-taxable","12":"purchasable","13":"product-type-simple"},"_links":{"self":[{"href":"https:\/\/mdkservicesplus.com\/index.php?rest_route=\/wp\/v2\/product\/6035","targetHints":{"allow":["GET"]}}],"collection":[{"href":"https:\/\/mdkservicesplus.com\/index.php?rest_route=\/wp\/v2\/product"}],"about":[{"href":"https:\/\/mdkservicesplus.com\/index.php?rest_route=\/wp\/v2\/types\/product"}],"replies":[{"embeddable":true,"href":"https:\/\/mdkservicesplus.com\/index.php?rest_route=%2Fwp%2Fv2%2Fcomments&post=6035"}],"version-history":[{"count":1,"href":"https:\/\/mdkservicesplus.com\/index.php?rest_route=\/wp\/v2\/product\/6035\/revisions"}],"predecessor-version":[{"id":6045,"href":"https:\/\/mdkservicesplus.com\/index.php?rest_route=\/wp\/v2\/product\/6035\/revisions\/6045"}],"wp:featuredmedia":[{"embeddable":true,"href":"https:\/\/mdkservicesplus.com\/index.php?rest_route=\/wp\/v2\/media\/5882"}],"wp:attachment":[{"href":"https:\/\/mdkservicesplus.com\/index.php?rest_route=%2Fwp%2Fv2%2Fmedia&parent=6035"}],"wp:term":[{"taxonomy":"product_brand","embeddable":true,"href":"https:\/\/mdkservicesplus.com\/index.php?rest_route=%2Fwp%2Fv2%2Fproduct_brand&post=6035"},{"taxonomy":"product_cat","embeddable":true,"href":"https:\/\/mdkservicesplus.com\/index.php?rest_route=%2Fwp%2Fv2%2Fproduct_cat&post=6035"},{"taxonomy":"product_tag","embeddable":true,"href":"https:\/\/mdkservicesplus.com\/index.php?rest_route=%2Fwp%2Fv2%2Fproduct_tag&post=6035"}],"curies":[{"name":"wp","href":"https:\/\/api.w.org\/{rel}","templated":true}]}}